onvert -28be5 (base 15) to base 10.
-130940
What is -10001011000011100 (base 2) in base 12?
-35250
What is 22232101 (base 5) in base 3?
100221201121
What is 121340403 (base 5) in base 8?
2142016
-132418 (base 10) to base 15
-2937d
Convert -9a74bb (base 15) to base 3.
-111212012022212
-430400343 (base 5) to base 14
-351601
What is 22062233 (base 8) in base 16?
48649b
Convert cb7516 (base 14) to base 8.
32236040
Convert -12222122213 (base 4) to base 6.
-101234035
-3331142 (base 6) to base 7
-1265141
-255503 (base 6) to base 12
-11593
Convert b9762 (base 15) to base 5.
122321132
Convert 46117532 (base 8) to base 5.
10030033031
-598809 (base 10) to base 12
-24a649
-1668e (base 16) to base 5
-10414130
Convert -2738673 (base 9) to base 11.
-936770
Convert -20131101320 (base 4) to base 13.
-5c81a8
What is -86312 (base 16) in base 2?
-10000110001100010010
-780734 (base 9) to base 13
-1343c2
-224445a (base 11) to base 15
-529526
What is 2c9a1d (base 14) in base 6?
53301335
82363 (base 12) to base 11
106680
-1d7d58 (base 16) to base 5
-443321012
What is b3741 (base 13) in base 6?
10522422
What is 3b2e (base 16) in base 12?
8926
Convert -948 (base 15) to base 3.
-2212112
What is -110110111110111000000 (base 2) in base 5?
-430123124
What is -30314212 (base 5) in base 11?
-158026
Convert 864251 (base 12) to base 8.
10061135
What is 615706 (base 8) in base 10?
203718
Convert -36886 (base 12) to base 14.
-1cc98
Convert -239596 (base 12) to base 8.
-2145402
What is -75819 (base 11) in base 3?
-12121001220
Convert 40331012 (base 5) to base 12.
137522
What is -152150 (base 6) in base 5?
-433004
5565729 (base 11) to base 16
94e6e7
Convert 232c1 (base 14) to base 5.
10220000
-2a40d (base 16) to base 6
-3413125
What is 10c092a (base 16) in base 13?
38405a4
What is -2331233332 (base 4) in base 11?
-490a29
-13341331 (base 6) to base 3
-211210120201
What is 1001011000100100100 (base 2) in base 7?
2420323
What is -32120201030 (base 4) in base 3?
-21002120002002
-112122111201000 (base 3) to base 9
-15574630
-55058 (base 11) to base 6
-1414003
-122ec6 (base 16) to base 12
-49571a
Convert -5060160 (base 7) to base 13.
-18146a
Convert -4142314 (base 5) to base 8.
-205553
-6630205 (base 7) to base 5
-202022132
What is -221202013 (base 4) in base 13?
-5c581
What is -53d7b (base 15) in base 8?
-1010063
Convert 112101002 (base 4) to base 2.
10110010001000010
16535666 (base 7) to base 12
6630b8
Convert 5801 (base 13) to base 8.
30062
Convert 1300a96 (base 11) to base 4.
20212302131
What is -111001100001 (base 3) in base 8?
-765524
Convert -1c0d (base 15) to base 5.
-143323
-423c7 (base 14) to base 16
-270ab
-5bf07 (base 16) to base 9
-633515
Convert -12111020000 (base 3) to base 11.
-74201
What is 20200200 (base 3) in base 16?
130e
Convert 739eb (base 15) to base 13.
cac13
What is -101011020030 (base 4) in base 14?
-847a20
75996 (base 12) to base 8
457102
What is 2282a26 (base 11) in base 14?
75aa04
What is -1451768 (base 10) in base 7?
-15224363
Convert 110110101011111111 (base 2) to base 16.
36aff
1100100110111010110010 (base 2) to base 15
454478
-2021130231 (base 4) to base 7
-4533240
1003141 (base 5) to base 8
37256
What is -1463c1 (base 13) in base 2?
-1111001111010110111
Convert 1212201112 (base 5) to base 12.
b55491
1111110001100001000 (base 2) to base 4
1332030020
Convert 859327 (base 11) to base 12.
563168
-23673016 (base 8) to base 13
-1104400
What is -100213633 (base 7) in base 13?
-1281c43
What is 11326265 (base 7) in base 11?
622305
-3742819 (base 10) to base 3
-21001011011221
-103104134 (base 6) to base 4
-12332112322
What is -75082 (base 10) in base 2?
-10010010101001010
Convert 756285 (base 10) to base 8.
2705075
Convert 203291 (base 13) to base 4.
2313001001
Convert 17ef1 (base 16) to base 11.
67721
b0a305 (base 12) to base 3
12011221222012
Convert a7975 (base 12) to base 7.
1606565
What is -983390 (base 10) in base 15?
-146595
Convert -c2838 (base 15) to base 8.
-2263247
-b3b162 (base 13) to base 14
-7b2786
What is 147b14 (base 13) in base 14?
d133a
What is 1957aaa (base 13) in base 9?
16603444
What is -52d7d7 (base 16) in base 3?
-101012211110202
Convert -111122212001020 (base 3) to base 6.
-415335440
What is 46a7556 (base 11) in base 2?
11111010100001000101111
Convert -10110110101100010110001 (base 2) to base 7.
-101612204
766725 (base 8) to base 9
432183
4444532 (base 6) to base 10
223976
What is 50230 (base 13) in base 3?
21021102001
Convert 32342360 (base 9) to base 7.
246512265
-24be98 (base 15) to base 9
-3274488
-15c524 (base 14) to base 3
-1102210210112
What is -312313322321 (base 4) in base 6?
-1232152225
-13421112 (base 5) to base 16
-21e9b
305457 (base 15) to base 16
2308ae
4e869 (base 16) to base 11
1aa721
35017 (base 10) to base 2
1000100011001001
12323001030 (base 4) to base 13
4b6c3c
-181495 (base 12) to base 5
-101322022
11001011111000100 (base 2) to base 15
20de3
What is 1503343 (base 6) in base 14?
23659
-311014334 (base 5) to base 16
-13549c
What is 110000222212 (base 4) in base 2?
10100000000101010100110
What is 814410 (base 10) in base 5?
202030120
Convert -4223113 (base 7) to base 14.
-d3c7a
What is 111a7b (base 15) in base 5?
202100431
Convert -36496 (base 10) to base 13.
-137c5
213043103 (base 5) to base 16
ddf61
77769 (base 10) to base 11
5347a
-78103f (base 16) to base 3
-112210202112011
-121315131 (base 6) to base 12
-935aa7
-1000010111000110110 (base 2) to base 16
-42e36
Convert -6a3a0 (base 11) to base 12.
-4a991
Convert -12246424 (base 7) to base 3.
-2002002212011
What is -10a01 (base 12) in base 6?
-250401
7658516 (base 10) to base 4
131031300110
Convert -813703 (base 11) to base 7.
-14055045
What is 120120201023 (base 4) in base 7?
105221141
What is -112112210111 (base 3) in base 13?
-a044a
Convert -106ab (base 13) to base 12.
-15244
-2410761 (base 10) to base 9
-4473843
Convert 110001101110010011 (base 2) to base 15.
4052c
Convert 504b (base 14) to base 10.
13787
What is 169353 (base 12) in base 9?
653010
Convert -20524234 (base 8) to base 3.
-22012221111210
What is -9ac4 (base 16) in base 14?
-10620
-121042303 (base 5) to base 11
-356815
What is -73097 (base 12) in base 4?
-210232303
What is -920285 (base 10) in base 4?
-3200223131
19c917 (base 14) to base 9
1648572
What is 1564503 (base 7) in base 5?
23431320
-22514325 (base 9) to base 15
-e5e9a8
-9700c (base 15) to base 12
-1b1426
-101100001111100110010101 (base 2) to base 7
-200404036
-330331003 (base 4) to base 13
-89842
Convert 22b79 (base 15) to base 6.
2211553
Convert 11303320 (base 5) to base 6.
2115321
9b4a1 (base 12) to base 6
4231121
What is -8707e (base 16) in base 14?
-1057c2
-1c937 (base 15) to base 10
-93202
What is 10222012010 (base 3) in base 6?
1401433
Convert 10213100 (base 6) to base 15.
5d213
Convert 940b58 (base 12) to base 13.
634ac9
What is 21020120202 (base 3) in base 15?
2c3a5
329709 (base 11) to base 8
2001726
Convert 144736 (base 8) to base 9.
77800
10102011221211 (base 3) to base 2
110111010111110110001
Convert 18b81a (base 12) to base 6.
13153234
Convert 22021022 (base 4) to base 9.
62882
Convert -3653620 (base 7) to base 11.
-299a65
What is -1251313 (base 6) in base 3?
-10111200100
-21b727 (base 15) to base 11
-9a9220
289614 (base 11) to base 6
13404210
1200525 (base 12) to base 9
6500622
3328b3 (base 12) to base 14
172635
266433 (base 9) to base 10
162192
877ed (base 16) to base 11
349a76
What is 9b53b1 (base 12) in base 13?
689473
-3563140 (base 7) to base 8
-1563616
-43845 (base 12) to base 7
-521306
21024500 (base 6) to base 15
c0bc9
What is -3032223232 (base 4) in base 16?
-ceaee
-11100010110110000001 (base 2) to base 6
-31525345
Convert -31040 (base 12) to base 6.
-1212120
Convert -2865c (base 15) to base 11.
-89488
Convert 32a49d (base 14) to base 7.
20415456
-4f9 (base 16) to base 14
-66d
What is 111000100001100011 (base 2) in base 12?
b1b97
What is -786cc0 (base 14) in base 7?
-46526230
Convert -b0a4 (base 12) to base 16.
-4abc
-16524623 (base 7) to base 3
-10001022011102
Convert -2222101222010 (base 3) to base 14.
-2d2a95
-101101111111110010 (base 2) to base 9
-316385
-25521345 (base 8) to base 16
-56a2e5
-713dd (base 14) to base 15
-55ac9
What is -1656237 (base 8) in base 12?
-1b3253
Convert -5c13b (base 16) to base 4.
-11300103